{"id":955,"date":"2023-07-01T19:21:10","date_gmt":"2023-07-01T19:21:10","guid":{"rendered":"https:\/\/www.carismacoaching.se\/?page_id=955"},"modified":"2023-12-07T14:03:17","modified_gmt":"2023-12-07T14:03:17","slug":"carisma-coaching","status":"publish","type":"page","link":"https:\/\/www.carismacoaching.se\/?page_id=955","title":{"rendered":"Carisma coaching"},"content":{"rendered":"<p>[et_pb_section fb_built=&#8221;1&#8243; admin_label=&#8221;Header&#8221; _builder_version=&#8221;4.23.1&#8243; _module_preset=&#8221;default&#8221; use_background_color_gradient=&#8221;on&#8221; background_color_gradient_stops=&#8221;rgba(0,0,0,0) 0%|#515151 100%&#8221; background_color_gradient_overlays_image=&#8221;on&#8221; background_image=&#8221;https:\/\/www.carismacoaching.se\/wp-content\/uploads\/2023\/11\/3S1A7758-scaled.jpg&#8221; custom_padding=&#8221;310px||116px|||&#8221; locked=&#8221;off&#8221; collapsed=&#8221;on&#8221; global_colors_info=&#8221;{}&#8221;][et_pb_row _builder_version=&#8221;4.20.0&#8243; _module_preset=&#8221;default&#8221; global_colors_info=&#8221;{}&#8221;][et_pb_column type=&#8221;4_4&#8243; _builder_version=&#8221;4.20.0&#8243; _module_preset=&#8221;default&#8221; global_colors_info=&#8221;{}&#8221;][et_pb_text _builder_version=&#8221;4.23.1&#8243; _module_preset=&#8221;d1a6733b-65a2-45c3-9eb9-ee14692b108f&#8221; header_font=&#8221;Lato|700|||||||&#8221; header_text_align=&#8221;right&#8221; header_text_color=&#8221;#FFFFFF&#8221; text_orientation=&#8221;center&#8221; custom_margin=&#8221;-105px|||||&#8221; header_font_size_phone=&#8221;48px&#8221; global_colors_info=&#8221;{}&#8221;]<\/p>\n<h1>Carisma coaching<\/h1>\n<p>[\/et_pb_text][\/et_pb_column][\/et_pb_row][\/et_pb_section][et_pb_section fb_built=&#8221;1&#8243; _builder_version=&#8221;4.23.1&#8243; _module_preset=&#8221;default&#8221; background_color=&#8221;#cc123c&#8221; custom_padding=&#8221;7px||34px|||&#8221; global_colors_info=&#8221;{}&#8221;][et_pb_row _builder_version=&#8221;4.23.1&#8243; _module_preset=&#8221;default&#8221; custom_margin=&#8221;|auto|18px|auto||&#8221; custom_padding=&#8221;44px||13px|||&#8221; global_colors_info=&#8221;{}&#8221;][et_pb_column type=&#8221;4_4&#8243; _builder_version=&#8221;4.23.1&#8243; _module_preset=&#8221;default&#8221; global_colors_info=&#8221;{}&#8221;][et_pb_text _builder_version=&#8221;4.23.1&#8243; _module_preset=&#8221;default&#8221; text_font=&#8221;Lato|700|||||||&#8221; text_text_color=&#8221;#FFFFFF&#8221; text_font_size=&#8221;18px&#8221; background_enable_color=&#8221;off&#8221; global_colors_info=&#8221;{}&#8221;]<\/p>\n<p><span>&#8221;Det g\u00e5r aldrig.&#8221; S\u00e5 t\u00e4nker ingen idrottsman. Tankens makt \u00e4r stor. D\u00e4rf\u00f6r \u00e4r positivt t\u00e4nkande och tydliga m\u00e5l s\u00e5 viktigt, b\u00e5de i med- och motg\u00e5ng. Framg\u00e5ngsrika m\u00e4nniskor tror p\u00e5 sig sj\u00e4lva. Vi vet att det g\u00e5r.<\/span><\/p>\n<p>[\/et_pb_text][\/et_pb_column][\/et_pb_row][\/et_pb_section][et_pb_section fb_built=&#8221;1&#8243; _builder_version=&#8221;4.23.1&#8243; _module_preset=&#8221;default&#8221; global_colors_info=&#8221;{}&#8221;][et_pb_row _builder_version=&#8221;4.23.1&#8243; _module_preset=&#8221;default&#8221; global_colors_info=&#8221;{}&#8221;][et_pb_column type=&#8221;4_4&#8243; _builder_version=&#8221;4.23.1&#8243; _module_preset=&#8221;default&#8221; global_colors_info=&#8221;{}&#8221;][et_pb_text _builder_version=&#8221;4.23.1&#8243; _module_preset=&#8221;default&#8221; header_font=&#8221;Lato||||||||&#8221; header_font_size=&#8221;40px&#8221; header_2_font=&#8221;Lato||||||||&#8221; header_2_font_size=&#8221;40px&#8221; custom_margin=&#8221;||40px|||&#8221; global_colors_info=&#8221;{}&#8221;]<\/p>\n<h2 style=\"text-align: left;\">Carisma Coaching<\/h2>\n<p>[\/et_pb_text][et_pb_text _builder_version=&#8221;4.23.1&#8243; _module_preset=&#8221;default&#8221; text_font=&#8221;Lato||||||||&#8221; text_line_height=&#8221;1.8em&#8221; custom_margin=&#8221;||-18px|||&#8221; custom_padding=&#8221;||0px|||&#8221; hover_enabled=&#8221;0&#8243; global_colors_info=&#8221;{}&#8221; sticky_enabled=&#8221;0&#8243;]<\/p>\n<h4><strong>Coaching individuellt och i grupp<\/strong><\/h4>\n<p>Carisma Coaching hj\u00e4lper dig mot nya m\u00e5l p\u00e5 ett professionellt, engagerat och m\u00e5lfokuserat s\u00e4tt. Vi erbjuder coaching individuellt och i grupp, alltid med individens behov i fokus. Vi st\u00f6ttar m\u00e4nniskor i f\u00f6r\u00e4ndring och utveckling och banar v\u00e4g f\u00f6r nya, b\u00e4ttre resultat. Upps\u00e4gning, flytt utomlands, befordran eller kanske en vardag med stress och s\u00f6mnproblem \u2013 alla dessa utmaningar st\u00e4ller sina krav. Vi hj\u00e4lper dig att se nya m\u00f6jligheter och fatta medvetna, aktiva beslut som tar dig vidare.<\/p>\n<h4><strong>Coaching p\u00e5 svenska och engelska i G\u00f6teborg och hela Norden<\/strong><\/h4>\n<p>Carisma Coaching har sin bas i G\u00f6teborg men hela Norden som arbetsf\u00e4lt, och vi coachar p\u00e5 b\u00e5de svenska och engelska. Vi har stor erfarenhet av coaching inom s\u00e4lj- och serviceyrken men arbetar ocks\u00e5 brett med m\u00e5nga branscher och alla typer av verksamheter. Grunden i v\u00e5rt arbete \u00e4r intresset f\u00f6r m\u00e4nniskan, och tron p\u00e5 v\u00e5r inneboende f\u00f6rm\u00e5ga att l\u00e4ra och v\u00e4xa.<\/p>\n<p>Vi samarbetar med akt\u00f6rer som Civilekonomerna och Sveriges Ingenj\u00f6rer via CoachHuset, Trygghetsr\u00e5det TRS, Alfa Quality Moving &amp; Relocation och Inner Sweden AB. Vi arbetar ocks\u00e5 p\u00e5 bred front inom n\u00e4tverk som <a rel=\"noopener noreferrer\" href=\"http:\/\/bni.nu\/\" target=\"_blank\">BNI<\/a> och <a rel=\"noopener noreferrer\" href=\"http:\/\/se.linkedin.com\/pub\/helen-gustafsson\/13\/564\/4aa\" target=\"_blank\">LinkedIn<\/a>. Var m\u00f6ts v\u00e5ra v\u00e4gar h\u00e4r n\u00e4st?<\/p>\n<p>Carisma Coaching \u00e4gs och drivs sedan 2004 av Hel\u00e9n Gustafsson, sj\u00e4lv utbildad och <a rel=\"noopener noreferrer\" href=\"http:\/\/icfsverige.se\/medlemmar\/helengustafsson\/\" target=\"_blank\">certifierad coach p\u00e5 PCC-niv\u00e5<\/a> inom <a rel=\"noopener noreferrer\" href=\"http:\/\/www.icfsverige.se\/index.asp?page=5\" target=\"_blank\">ICF (International Coach Federation)<\/a>.<\/p>\n<p>&nbsp;<\/p>\n<p>[\/et_pb_text][\/et_pb_column][\/et_pb_row][et_pb_row _builder_version=&#8221;4.23.1&#8243; _module_preset=&#8221;default&#8221; custom_padding=&#8221;13px|||||&#8221; global_colors_info=&#8221;{}&#8221;][et_pb_column type=&#8221;4_4&#8243; _builder_version=&#8221;4.23.1&#8243; _module_preset=&#8221;default&#8221; global_colors_info=&#8221;{}&#8221;][et_pb_button button_url=&#8221;@ET-DC@eyJkeW5hbWljIjp0cnVlLCJjb250ZW50IjoicG9zdF9saW5rX3VybF9wYWdlIiwic2V0dGluZ3MiOnsicG9zdF9pZCI6Ijk0OSJ9fQ==@&#8221; button_text=&#8221;L\u00e4s mer om v\u00e5ra tj\u00e4nster&#8221; button_alignment=&#8221;center&#8221; _builder_version=&#8221;4.23.1&#8243; _dynamic_attributes=&#8221;button_url&#8221; _module_preset=&#8221;default&#8221; custom_button=&#8221;on&#8221; button_bg_color=&#8221;#cc123c&#8221; button_icon=&#8221;&#x24;||divi||400&#8243; custom_margin=&#8221;-25px|||||&#8221; global_colors_info=&#8221;{}&#8221;][\/et_pb_button][\/et_pb_column][\/et_pb_row][\/et_pb_section]<\/p>\n","protected":false},"excerpt":{"rendered":"<p>Carisma coaching&#8221;Det g\u00e5r aldrig.&#8221; S\u00e5 t\u00e4nker ingen idrottsman. Tankens makt \u00e4r stor. D\u00e4rf\u00f6r \u00e4r positivt t\u00e4nkande och tydliga m\u00e5l s\u00e5 viktigt, b\u00e5de i med- och motg\u00e5ng. Framg\u00e5ngsrika m\u00e4nniskor tror p\u00e5 sig sj\u00e4lva. Vi vet att det g\u00e5r.Carisma CoachingCoaching individuellt och i grupp Carisma Coaching hj\u00e4lper dig mot nya m\u00e5l p\u00e5 ett professionellt, engagerat och m\u00e5lfokuserat [&hellip;]<\/p>\n","protected":false},"author":1,"featured_media":0,"parent":0,"menu_order":0,"comment_status":"closed","ping_status":"closed","template":"","meta":{"_et_pb_use_builder":"on","_et_pb_old_content":"","_et_gb_content_width":"","footnotes":""},"class_list":["post-955","page","type-page","status-publish","hentry"],"jetpack_sharing_enabled":true,"_links":{"self":[{"href":"https:\/\/www.carismacoaching.se\/index.php?rest_route=\/wp\/v2\/pages\/955","targetHints":{"allow":["GET"]}}],"collection":[{"href":"https:\/\/www.carismacoaching.se\/index.php?rest_route=\/wp\/v2\/pages"}],"about":[{"href":"https:\/\/www.carismacoaching.se\/index.php?rest_route=\/wp\/v2\/types\/page"}],"author":[{"embeddable":true,"href":"https:\/\/www.carismacoaching.se\/index.php?rest_route=\/wp\/v2\/users\/1"}],"replies":[{"embeddable":true,"href":"https:\/\/www.carismacoaching.se\/index.php?rest_route=%2Fwp%2Fv2%2Fcomments&post=955"}],"version-history":[{"count":26,"href":"https:\/\/www.carismacoaching.se\/index.php?rest_route=\/wp\/v2\/pages\/955\/revisions"}],"predecessor-version":[{"id":1391,"href":"https:\/\/www.carismacoaching.se\/index.php?rest_route=\/wp\/v2\/pages\/955\/revisions\/1391"}],"wp:attachment":[{"href":"https:\/\/www.carismacoaching.se\/index.php?rest_route=%2Fwp%2Fv2%2Fmedia&parent=955"}],"curies":[{"name":"wp","href":"https:\/\/api.w.org\/{rel}","templated":true}]}}